+ 3*z. Let u be a(8). Calculate the highest common factor of 5 and u.
5
Let h = 821 - -376. Suppose 4*i + h = 11*i. Calculate the highest common divisor of i and 19.
19
Let t(w) = -w**3 + 11*w**2 - 8*w - 11. Let f be t(10). Let x = -3 + f. Suppose 0 = -n + x - 1. What is the greatest common divisor of 40 and n?
5
Let m be (1 + 33 + -2)*1. What is the greatest common factor of m and 2?
2
Suppose -5*o + 4 + 17 = -3*i, -5*i = o + 7. Let b(v) = 9*v**2 + 3*v**2 + 0*v**2 - 2*v**2. Let k be b(o). What is the greatest common factor of 18 and k?
18
Let b = 80 - 84. Let c be (-170)/(-4)*b/(-40)*16. Calculate the greatest common divisor of 102 and c.
34
Suppose 0 = -3*g + u + 124, 4*g + u - 170 = -0*g. Let y be 31 + 0 - (-3)/(-1). Calculate the highest common factor of y and g.
14
Suppose -t + 5*h = -7, 2*t - 3*t - h = -1. Let i be t + (-1 + 1)/3. Let d be (-9 - -14) + (0 - i). Calculate the greatest common divisor of 3 and d.
3
Suppose 0 = -763*s + 757*s + 480. Suppose -y = -13 - 3. Calculate the greatest common factor of y and s.
16
Suppose 5*z - 46 = -11. Suppose 3*p - 620 = -4*f + z*p, 5*p = -5*f + 725. Suppose 4*b - 2*b = f. Calculate the greatest common divisor of 50 and b.
25
Let a(t) = -t**2 + t + 1. Let b(j) = -4*j**2 + 13*j - 5. Let h(s) = 5*a(s) - b(s). Let w be h(-8). Calculate the greatest common divisor of 25 and w.
5
Suppose 0 = -5*s + 4*c + 262 + 751, -4*s + 826 = 2*c. Calculate the greatest common factor of s and 10.
5
Suppose 0 = -7*a - 163 + 625. What is the greatest common divisor of 1056 and a?
66
Let u(m) be the first derivative of 13*m**3/3 - 5*m**2/2 + 2*m + 12. Let z be u(3). What is the highest common factor of z and 13?
13
Suppose -14*j - 22 = -134. Calculate the greatest common factor of j and 20.
4
Let j be (-1)/((-2 + 0)/60). Suppose 235 - 175 = 5*t. Suppose -t*y = -10*y - j. What is the greatest common factor of 135 and y?
15
Suppose 5*q - 608 = -3*q. Let w = -6 + q. Calculate the greatest common factor of w and 14.
14
Let w be (-3)/(-9)*-1*3. Let x be (0 - 2) + (w - -14). Let s = -730 + 752. What is the highest common divisor of x and s?
11
Let n = 8 + -5. Let h(d) = -d + 22. Let q be h(22). Suppose -m = 3*g - 4*g - 5, q = -n*g - 3. What is the greatest common factor of m and 12?
4
Suppose 2*y - 306 = 3*l, -4*y + 3*l = l - 596. Suppose 3*m = a - 21 - 32, 3*a = 3*m + y. Calculate the greatest common divisor of a and 188.
47
Suppose 5*p - 26*n - 52 = -22*n, 2*p + 5*n - 1 = 0. What is the highest common divisor of p and 424?
8
Let p = -12 - -122. Let c = p + -59. Calculate the greatest common factor of 17 and c.
17
Let h be 26/14 + (-4)/(-28). Suppose 4*g = h*g + 14. Suppose 0 = 2*o + 2*o + 2*d - 14, 0 = -5*o - 2*d + 15. Calculate the highest common factor of o and g.
1
Let q be 0/(((-4)/(-2))/1) - -28. Calculate the greatest common divisor of q and 182.
14
Let s = -48 - -58. What is the highest common factor of s and 65?
5
Let v(s) = -251*s**3 + 2*s**2 + s. Let q be v(-1). Suppose 9*u - 301 = 23. Calculate the highest common factor of u and q.
36
Let l(t) be the second derivative of -t**5/20 + 7*t**4/12 + 6*t**2 + 6*t. Let v be l(7). Calculate the highest common divisor of 12 and v.
12
Suppose 0 = -4*y + 3*p + 277, -3*p = -y - 4*p + 78. Let q = y + -40. What is the greatest common divisor of 99 and q?
33
Let m be (15/4 - 1/4)*2. Calculate the greatest common divisor of 91 and m.
7
Let c be (280/168)/(2/54). Calculate the highest common factor of c and 165.
15
Let v(g) = 155*g**3 + 3*g - 2. Let t be v(1). Calculate the greatest common divisor of 36 and t.
12
Suppose 3*y - 4*p - 189 = 0, 2*p + 189 = -14*y + 17*y. Let b(z) = z**3 - 6*z**2 + 5*z - 9. Let u be b(6). Calculate the highest common factor of u and y.
21
Let i be (-25)/2*(-3 - -1). What is the greatest common factor of i and 35?
5
Suppose 5*p - 2*b = 124, -3*p + b + 78 = -2*b. Calculate the greatest common factor of 156 and p.
12
Let j be 6/(-21) - 67792/(-112). What is the highest common factor of 55 and j?
55
Let o be -5*10/75*-3. Calculate the greatest common divisor of o and 10.
2
Suppose -4375 = 6*b - 4435. Calculate the highest common factor of b and 310.
10
Suppose 4*d = 8*d. Let y(x) = 0 + 6 + 0*x**3 - x**3 - x. Let l be y(d). What is the highest common factor of l and 6?
6
Let c(g) = 2*g**3 - 6*g**2 + 13*g - 21. Let h be c(3). Suppose -4*i + 5*i - 9 = 0. What is the greatest common divisor of h and i?
9
Suppose -120 = 17*l - 11*l. Let g be 16/l + (-14)/(-5). What is the highest common divisor of 10 and g?
2
Let i be 21/6 + (-6)/4. Let h(d) = -d**3 + 0 + 1 - d + 6*d**i - d + 3. Let o be h(5). What is the highest common divisor of o and 95?
19
Suppose 2*c - 5*u + 17 = -0*c, -3*c + 2 = -2*u. Let x be c/(-22) + 57/11. Let b be (-754)/(-30) + (-12)/90. What is the greatest common divisor of x and b?
5
Suppose -7*j = -9*j - 4. Let k be 2 - 3 - (8 + j). Let s be (0 + -1 - k) + 0. Calculate the highest common factor of 54 and s.
6
Let t(v) = 2*v**2 - 2*v - 6. Let b be t(3). Let j(w) = -7 - 4*w + w**2 + b*w**2 + w**3 - 3. Let y be j(-7). What is the highest common factor of y and 27?
9
Let z be -2*6/(36/(-15)). Suppose 957 = z*j - 3*p, 4*j - 752 = 2*p - 3*p. Calculate the highest common divisor of 21 and j.
21
Suppose -k - 5*p + 11 = 0, 0 = -0*k - 2*k - 4*p + 28. Let t(m) = -7*m. Let b be t(8). Let y = -52 - b. Calculate the highest common factor of y and k.
4
Let f = 11 - 4. Suppose 9*r = -6*r + 105. Calculate the highest common divisor of r and f.
7
Let p be (-144)/624 + (-162)/(-26). Calculate the greatest common factor of 105 and p.
3
Suppose 0 = 6*b + b - 1792. What is the highest common factor of b and 16?
16
Let l = -5 - -1. Let d = 0 - l. Suppose 8*b + 30 = 254. What is the greatest common divisor of b and d?
4
Let r = 58 + 16. Suppose -3*t = 3*d - 1 - 47, -5*d + t + r = 0. Calculate the greatest common factor of 10 and d.
5
Let b = 829 + -821. Calculate the greatest common factor of b and 248.
8
Let b = 826 + -686. Calculate the highest common factor of 35 and b.
35
Let o = 290 - 280. Calculate the greatest common factor of o and 790.
10
Let y be (-1)/4 + (6710/40)/11. What is the highest common divisor of y and 45?
15
Let j(o) = -o**3 + 2*o**2 - 4*o - 85. Let a be j(0). Let r be 7/((-140)/8)*a. Calculate the greatest common factor of 51 and r.
17
Suppose -4*l + 45 = 5*l. Suppose -3*y + 5*w + 138 + 117 = 0, w = l*y - 447. Let o = -45 + 63. What is the highest common divisor of y and o?
18
Let c be 8/6 + (-74)/(-3). Suppose 0*j = 7*j - 35. Suppose -u + 12 = 2*u, 5*x - j*u = 890. Calculate the greatest common factor of c and x.
26
Let d(z) = -z**3 + 5*z**2 + 3*z - 4. Let p = 18 - 15. Suppose -p*g + 20 = 2*g. Let r be d(g). Calculate the highest common factor of r and 12.
12
Let j = 100 - 115. Let v be (-2)/((j/85)/3). Calculate the highest common factor of 136 and v.
34
Let r = -213 - -243. What is the highest common divisor of r and 6?
6
Let t(k) = -k**3 + 4*k**2 + k - 4. Let d be t(4). Suppose d = 2*n + 3*o + 7 - 28, -4*n - 5*o = -45. Calculate the greatest common divisor of 15 and n.
15
Let z(k) = -37*k + 545. Let t be z(14). Calculate the highest common divisor of t and 1431.
27
Let b = 172 + -154. Suppose 3*z - 219 = -84. Calculate the greatest common factor of b and z.
9
Let d(m) = m**3 - m**2 - 4*m + 11. Let c be d(0). Let r = -9 + 15. Suppose 25 = -r*z + c*z. What is the highest common divisor of 1 and z?
1
Suppose 4*x = 5*a - 0*x + 16, -2*x + 8 = 0. Suppose 2*k + 2 = a, 5*k = w - 3*w + 247. Calculate the highest common factor of w and 18.
18
Suppose -5*k = -4*k - 2. Suppose -3*u - k*u + 225 = 0. Suppose 4*o = -5*p + 119, -u = -2*p - 2*o + 1. What is the highest common factor of 3 and p?
3
Let r be (3/(-4))/((-17)/(-340)). Let i(a) = -a**3 - 14*a**2 + 14*a - 7. Let x be i(r). What is the greatest common divisor of 8 and x?
8
Let d be ((-20)/15 - 28/6) + 78. Suppose v = -4*v + 45. What is the highest common factor of v and d?
9
Let u = 143 + -101. Suppose -u = 4*r - 566. Let l = -41 + r. Calculate the greatest common divisor of 18 and l.
18
Let l = 5 + -5. Suppose -3*m + 33 = 3*r, 5*r - 61 = -l*m + m. Let b be 111/r*(-4)/(-1). What is the greatest common divisor of b and 148?
37
Let j(k) = -28*k**3 + 2*k - 1. Let v be j(1). Let q = -22 - v. Let y = 